 + o**6/720 - o**5/12 - 2*o**2. Let i(w) be the third derivative of a(w). Is i(4) a prime number?
False
Suppose -3 = -7*l + 6*l, -4*x = -l - 5921. Is x composite?
False
Suppose 2*f + 7048 = 2*a, 4*a + 2*f - 10713 = 3401. Is a composite?
False
Suppose -4*i - x = -7385, 13*i - 2*x - 7394 = 9*i. Is i composite?
False
Let t be 9/6*1*(-24)/(-9). Let g(f) = 30*f + 13. Is g(t) composite?
True
Let q = 2088 - 157. Is q composite?
False
Suppose 25*g - 74191 = 200034. Is g prime?
False
Let s be (7 - -24) + 1 + -4. Suppose -s*i + 3389 = -27*i. Is i a prime number?
True
Let j = 1134 - 249. Let c = 158 + j. Is c a prime number?
False
Suppose 325 = v + 63. Suppose 4*h = 4*d - 372, -2*h = 2*d + 72 - v. Is d a composite number?
True
Is (-10)/(-25) - (-151065)/25 composite?
False
Let f = -519 - -1070. Suppose 3*l - 1390 - f = 0. Is l prime?
True
Let r be (-2)/1 - 2 - (-18 - -16). Let v(b) = 244*b**2 + 1. Is v(r) prime?
True
Let q = -42186 - -66505. Is q composite?
True
Let d = -4914 - -12731. Is d a composite number?
False
Suppose -5*c - 954 = m, -2*m - 951 = 5*c + 2*m. Let n = c - -644. Suppose -2*x - 474 = -5*w, n = 4*w + 5*x + 87. Is w a prime number?
False
Let k(q) = 2 - 92*q - 104*q - 3. Let t be 2*((-6)/4 + 0). Is k(t) a prime number?
True
Suppose -13*n + 10*n = -12. Suppose -903 = -n*w + w. Is w prime?
False
Suppose -6 = -3*a - f + 6, -3 = -2*a + f. Suppose 0 = -2*m - 5*s + 1640, -6*m + a*m + s = -2443. Is m a composite number?
True
Let h = -6819 - -12598. Is h composite?
False
Is 136745/175 + 4/(-10) a composite number?
True
Let h be (-22)/(-3) + 5/(-15). Let v = h + -6. Let b(i) = 264*i**3 - 2*i**2 + 1. Is b(v) prime?
True
Let z(a) = 11*a**2 - 23*a + 1. Is z(-9) prime?
False
Suppose 288 = -k + 5*k. Let l be 2/(-7) - 2976/(-28). Let i = k + l. Is i a composite number?
True
Suppose 5*v + 4*a + 15 = 0, 10 = -6*v + v - 3*a. Let j = v + 1. Let m(o) = 110*o + 3. Is m(j) composite?
False
Let d(z) = 8*z**2 - z - 4. Let h be d(-3). Suppose -140 = -12*y + 4. Let q = h - y. Is q composite?
False
Let n(o) = -4*o - 26. Let c be n(-6). Is (1 - (c - 26))/(10/230) a prime number?
False
Suppose -3039661 = 747*p - 784*p. Is p a prime number?
True
Let j be (-186)/(-4)*4/6. Let d(a) = -j*a + 3*a - 6*a + 9. Is d(-7) a prime number?
False
Let w(m) = 220*m**2 + 3*m + 13. Let k be w(6). Let r = k - 5394. Is r a prime number?
True
Suppose 2*a = -4*k + 172, 3*k - 6*k + 103 = -5*a. Let s = 258 - k. Is s a composite number?
True
Let k(a) = a**3 + 4*a**2 + 7. Let m be k(-5). Is (-11691)/m - (-2)/(-4) a prime number?
False
Let c(q) = -q**2 - 3*q + 4. Let v be c(-3). Let h be (-114)/v*(1 + 1). Let d = 38 - h. Is d composite?
True
Suppose 0 = -q - 3, 5*d - 2*q = 2*q + 2702. Let k = d + -355. Is k a prime number?
False
Suppose 6349 = 3*s + 4*s. Is s prime?
True
Let k = -1212 - -834. Let i be (5350/(-6))/(-5)*-3. Let s = k - i. Is s composite?
False
Suppose 0 = 7*r - 5 - 30. Let y(m) = 10*m**2 + 2*m + 3 + m - r. Is y(5) composite?
False
Suppose 0 = 2*m + 5 + 1. Is m/9 + (-4270)/(-3) composite?
False
Is (1115/10)/(2/4) composite?
False
Let g(b) = 17*b**2 - 9*b + 35. Let u(i) = -50*i**2 + 28*i - 105. Let t(a) = -17*g(a) - 6*u(a). Is t(16) prime?
False
Suppose -5*r + 3*w + 8 = 0, 0*r + 1 = 3*r + 2*w. Is 0/r + (-981)/(-9) composite?
False
Let m(f) = 12*f**2 + 6*f + 1. Is m(12) a prime number?
True
Let m(c) = 113*c - 12. Let q be m(-9). Let z = q + 1568. Suppose 3*t - 2*w = -0*w + z, 359 = 2*t - w. Is t prime?
True
Let r(j) = 100*j + 7. Let g(h) = 8*h**3 - 1. Let b be g(1). Let m be r(b). Suppose 938 = 5*x - m. Is x a prime number?
False
Let i(z) = -1048*z + 377. Is i(-29) composite?
True
Let f(k) = -k**3 + 9*k**2 - 14*k - 6. Let u be f(7). Is 8/u + (-475)/(-3) prime?
True
Let b be (8/(-6))/(8/(-576)). Let y = 23 + b. Is y prime?
False
Suppose 585 = -3*i - 2*i. Is (14/(-21))/(2/i) a composite number?
True
Suppose -4267 = -2*u + 8367. Is u composite?
False
Suppose 0 = 17*f - 1453 - 46334. Is f a prime number?
False
Let f(w) = 3301 - 3*w**3 - 1202 - w**2 + 2*w**3. Is f(0) a prime number?
True
Is (6 - (-7264 - 5)) + (-1 - 3) composite?
True
Let w = -116 - -113. Let y(u) = -3*u**3 + 2*u**2 - 6*u + 2. Is y(w) a prime number?
False
Let c(d) = d + 3. Let k be c(-5). Let x(u) = 28*u**3 - u**2 - 2*u - 2. Let w(o) = -27*o**3 + o**2 + 3*o + 3. Let a(t) = -3*w(t) - 4*x(t). Is a(k) composite?
True
Let o = 24273 - 9614. Is o a prime number?
False
Let b(y) be the third derivative of y**6/120 + y**5/5 + 5*y**4/24 + 7*y**3/6 - 11*y**2. Is b(-10) a prime number?
True
Suppose 15*t = 13*t - 8. Let k(o) = -343*o - 11. Is k(t) a prime number?
True
Let z be 1338*(10/18)/((-5)/(-6)). Suppose 0 = -2*r + d + 362, -3*d - z = -5*r + 15. Is r composite?
False
Suppose -5*u = -g + 6*g, 2*g - 12 = 4*u. Suppose 0*y - g*y = -1074. Is y composite?
True
Let u = -479 + 3400. Is u composite?
True
Suppose 3253 = 3*x - 4*n, x - 3257 = -2*x + 2*n. Is x a composite number?
False
Let z be (4/2)/((-14)/(-3087)). Suppose -z = -3*m - 3*t, 731 = 4*m + m + 3*t. Is m prime?
False
Let i(n) = -n**3 + 3*n**2 + 6*n + 4. Let c be i(5). Let z be (-112)/(-6)*312/c. Let q = z - -603. Is q prime?
True
Let q be (-20)/16 + 13/4. Suppose q*l - 2174 = 4*s, 2*l + l + 4*s - 3261 = 0. Is l composite?
False
Suppose -v + 3*z - 7*z = 6, 9 = 3*z. Let y = v + 24. Suppose 8*o - 494 = y*o. Is o a composite number?
True
Let q(i) be the second derivative of 11*i**8/240 - i**6/360 + i**5/120 - i**4/6 - 3*i. Let f(y) be the third derivative of q(y). Is f(1) a composite number?
False
Let l(r) = 3*r**3 - 35*r**2 - 46*r + 41. Is l(32) a composite number?
True
Let y(x) = 397*x**2 - x - 2. Let o = 6 + -7. Let d be y(o). Suppose q - 109 = d. Is q composite?
True
Let c(k) = -k**3 + 6*k**2 - 15*k - 15. Suppose 0 = -4*q + 20, -h - 25 = -0*h - 3*q. Is c(h) prime?
False
Let p be 6/(-9) + 715/(-3). Let n be p/(-6) - 3/(-18). Let r = 13 + n. Is r composite?
False
Let d be 2*4/(-8) - -5. Let f be 442 + d + (-1 - 1). Let z = f + -109. Is z a prime number?
False
Let w(h) = 2*h**3 + 3*h**2 - h + 239. Let g(c) = -c**3 - 2*c**2 + c - 239. Let t(m) = -3*g(m) - 2*w(m). Is t(0) a composite number?
False
Let r(g) = -8460*g**3 - 13*g**2 - 16*g - 2. Is r(-1) a composite number?
False
Suppose 2*h + s - 13 = 0, -12 + 4 = 3*h - 4*s. Let m be 1 + h - (-12 + 12). Suppose -m*c = 4*x - 5*x + 58, -3*x + 158 = c. Is x composite?
False
Suppose -14 = -g - 2*g - l, -2*g + 31 = 5*l. Suppose 21 = g*r + 15. Suppose -a + 4*a = -5*h + 1446, 4*a - 570 = -r*h. Is h composite?
True
Let r(i) = 2*i**2 + 3*i - 4. Let q be r(-3). Suppose -3*j + 5*v + 136 = 0, -j - q*v - 210 = -6*j. Is j prime?
True
Let o be 4/14 - 60/(-35). Let y be 3/o + (-186)/(-12). Suppose 4*s - 148 = -4*p, s - 2*p - 14 = y. Is s composite?
True
Let w(d) = 0*d**3 - 4*d + 5*d**2 + 0*d**3 + 2 - d**3. Let b be w(4). Is 37*((-3)/3 + b) a prime number?
True
Let t(a) = -96*a - 17. Is t(-26) prime?
False
Suppose -3*a + 7 = 1. Suppose -a*q - 57 = -5*q. Is q composite?
False
Let l = -15 - -302. Let x = 1018 - l. Is x prime?
False
Let k = 1666 + 503. Suppose -2*x - 3*v = -k, 4*v = x - 0*x - 1057. Is x composite?
True
Suppose -30981 = 5*o + 6*k - 8*k, 2*k = -2*o - 12384. Is o/(-9) - 6/(-9) a prime number?
False
Suppose -k - 28 = -3*b - 12, 4*k = 4*b - 24. Let g be (-1)/(-2) + 2/(-4). Suppose 2*x - b + 1 = g. Is x a prime number?
True
Let p = 120 - 115. Suppose -p*f + 4*z = -23355, -3*z - 1156 = 2*f - 10475. Is f a prime number?
False
Let x(o) = -o**3 + 5*o**2 + 2*o - 1. Let u be x(4). Let g = 40 - u. Suppose -2*z - 2*z = -5*j + 103, -j + g = z. Is j prime?
True
Is (-2 - 8)/((-4)/1370*5) composite?
True
Let x be (-210)/(-50) + 1/(-5). Suppose x*o - 20 - 356 = 0. Is o + 2 + -2 + 3 composite?
False
Let f(k) = -3*k - 3. Let i be f(4). Is (i/(-12))/((-3)/(-492)) a prime number?
False
Suppose 4*v + 3*s = -s + 3032, -5*v + 3802 = -s. Let x = 490 - v. Let q = -173 - x. Is q composite?
False
Is (-877)/(4 + (-10)/(-6)*-3) composite?
False
Suppose 4*g + 2*d - 140 = -2*d, 2*g + 3*d = 73. Let b = 14 + g. Is b prime?
False
Let m be (45/(-2))/(12/408). Suppose 0*l - 542 = l. Let j = l - m. Is j composite?
False
Suppose 0 = 8*h - 19457 - 6551. Is h prime?
True
Suppose -l + 30 = -5*v, -5*l = -3*v - 1 - 39. Suppose 1663 = -j + l*r + 426, -2*j = 2*r + 2498. Let k = 2